value of -4 + (-21 + -1 - (-170 - -136))?
8
What is the value of (0 - 17) + (-319 - -343) - 105 - -19?
-79
0 - 30 - (55 + (-4 - 17) + -36)
-28
Calculate (-22 - (-25 + -11 + 9)) + -29.
-24
0 + 7 - -35 - (175 + -158)
25
What is 16 + 2 + -62 + (91 - 11)?
36
What is -662 - -645 - (0 + -118) - ((-1 - -3) + -1)?
100
Evaluate 37 + 1 - ((-78 - -89) + -23).
50
What is 9 - 7 - (0 + -4) - (303 + -343)?
46
What is (-13 - (-20 + 27)) + -25 + 8?
-37
(41 - (2 + -22) - 39) + -7
15
What is the value of (-109 + 96 - (-3 - 2 - -2)) + 29?
19
What is (112 - 92) + -39 + 51?
32
3 + (-19 - -10 - -4 - (14 - 14))
-2
What is the value of -7 + 19 - (16 - 10) - 3 - -4?
7
1 + (236 - 75) + -54
108
Evaluate -11 + (20 - (-10 - -8)) + (-1 - (12 - 0)).
-2
119 - (21 + 27 + -2)
73
What is -23 + -6 + 51 + -15?
7
Evaluate (2 - 2 - 2) + (25 + -5 - 33) + 22.
7
What is the value of (0 + 2 - (-1 + -2)) + -1304 + 1274 - 12?
-37
What is (-88 - 14) + -115 + 190?
-27
What is 3 + -7 + (30 - 40) + 0 + 3 + 34?
23
What is the value of 33 - (-5 + -1) - 13?
26
-7 + (-3 - -2) + 12 - (-23 + -9 - -10)
26
Evaluate 5 + -23 + (3 - 10) - -78.
53
16 + 49 + -45 + -48
-28
What is 1 + -20 + (2486 - 2490)?
-23
402 + -358 - (84 - 5)
-35
(6 - (-24 - (7 - 13))) + -4 + 5
25
Evaluate 17 - (-22 + 12) - (117 - 72).
-18
Evaluate 0 + 87 - (1272 - 1182).
-3
What is the value of (-148 - -163) + (4 - 0 - -10) + -7?
22
Evaluate (-18 + (12 - -20) - (-2 + -1)) + -57.
-40
What is the value of -39 + 75 + (-5 - (3 - 16))?
44
(2 - 13) + 91 + -91 + 13 - (-2 + -32)
36
-10 - 1 - (-15 + 45 + -29)
-12
What is the value of -23 + (-14 + 5 + -1 - -71)?
38
What is the value of (-1 + -57 - (1306 - 1314)) + (-5 - -1)?
-54
What is 7 + (-136 - -62) - -6?
-61
-3 - (-99 + 4) - (1 + -7)
98
What is the value of 7 + 20 - (0 - -54)?
-27
What is 24 + 0 + -26 + -1 + -506 + 532?
23
What is the value of 35 - (13 - (91 - 35))?
78
What is -5 - 0 - (3 + -11 - (-19 - -9))?
-7
-42 + -10 - (15 - (-11 - -12))
-66
(27 + 4 - (-386 + 443)) + -12
-38
Evaluate 22 + 6 + 11 + 6 - 164.
-119
62 + (66 - 138) - -49
39
What is (138 - 284 - -1) + 49?
-96
What is (10 - (-129 + 105)) + -47?
-13
Evaluate -13 + (13 - 3) + (-3 - -10) + -25 + 25.
4
What is the value of (12 - -13) + -15 + (-4 - -3) + -25?
-16
-7 - (14 + -4 + (1 - (-8 + 30))) - -5
9
Evaluate -12 + (23 - 16) + 66.
61
What is the value of -21 + (-5 - 0) - (812 + -751)?
-87
What is -16 - ((-18 - -20) + -28 + -21)?
31
-11 - ((10 - -5) + -19 - -9 - 11)
-5
(40 - -6) + 2 + -22 + -72
-46
What is the value of -1 + 11 + -2 + 1852 + -1857?
3
Evaluate 26 + (-22 - (-2 - 28) - 20).
14
Evaluate -57 + 52 + (-7 - (0 - 25)) + -106 + 1.
-92
Evaluate -1 + 60 - (18 - -1 - (75 - 35 - 19)).
61
(-32 - -120 - 3) + -61
24
What is (118 - 129) + 78 + -56?
11
Evaluate 1 + -39 + 21 + 42 + -5.
20
Calculate 4 - ((-9 - (11 + (-10 - -7 - 9))) + -37).
49
What is the value of (2 + 40 - (1147 + -1156)) + (-8 - (0 + 0))?
43
Calculate 69 + -10 + -25 - 85.
-51
0 - (115 + -138 - (-1 + -29))
-7
Evaluate (-21 - -14 - -17) + -15 - -68 - (-11 + -2).
76
What is the value of 21 + 3 + ((6 - 1) + (-3 - 7) - 1)?
18
-4063 - -4021 - (2 + -2 - -13)
-55
What is the value of 35 - (-26 - -50) - 123 - -38?
-74
What is -22 + 18 + 58 + 11 + -33?
32
What is 41 - (54 + -21 + -16 - 48)?
72
What is 1 + 3 + (1 + -13 - -10 - -40) - 9?
33
Calculate 13 + -4 + 2 + (-3342 - -3292).
-39
What is -3 + 15 + -7 - (-48 + 55 - 23)?
21
105 - (-3 + 4 + -4 + (-28 - -20) + 24)
92
(0 + 0 + -1 - (-174 - -186)) + 55
42
Calculate (-2 + -20 - (17 + -4 - 28)) + 41.
34
Calculate 9 + (-7 - (-10 + -5)) - 39.
-22
Calculate -41 - (35 - 24) - ((2 - -1) + 3) - -8.
-50
-71 + 2 + -121 + 148
-42
What is (18 - 4) + (2 + 0 - 10) - 80?
-74
What is (-117 - -74 - 87) + 16?
-114
Evaluate 82 + -4 + 1 + 3 + (-6 + 3 - 7).
72
What is the value of -3 + (10 - -1) + -9 + 4 + -15?
-12
What is 28 - (-3 + 3 + -18 + (-329 - -330))?
45
What is 56 + -14 + 5 + 19 + -6 + 1 + -15?
46
Calculate -11 + (192 - 183) + (7 - -1) - (1 - -33).
-28
What is the value of (24 - 80) + (3 + 0 + 1 + -7 - 1)?
-60
What is the value of 0 - (48 + 9 + -33 + 29)?
-53
What is -6 + -2 + (16 - (15 + 3)) - -13 - -2?
5
10 - (7 + -20 - 5 - 2)
30
What is the value of -6 + 3 - 2 - (-10 + 24 + -29 + 27)?
-17
Evaluate 68 + (-106 - -59) + -1.
20
What is -108 + 116 - (0 - (-2 + 3)) - (1 + 25)?
-17
What is 17 + -20 + -47 + 63?
13
104 + (383 - 409) + -2 + 14
90
What is the value of 20 - (-29 - -11 - (5 + -5))?
38
Evaluate -68 - ((18 + 6 - 6) + -28).
-58
What is 7 + -4 + (4 - (-4 + 48))?
-37
Evaluate -16 + -5 + 34 - (2 - (-52 + -3)).
-44
What is the value of -15 + (-27 - -15 - -9) - (-10 + -5)?
-3
What is the value of 447 + -477 - (0 + 1 + -18)?
-13
What is the value of 51 + -3 + 3 + 5 - (-22 + -4 + 32)?
50
Evaluate (-14 - -1) + (-3 - -28) + -152 + 116.
-24
Evaluate -51 + (22 - 22) + 27 + 66.
42
Evaluate 31 + -49 + 41 + -5 - 1 - 55.
-38
Calculate -15 + (22 + -36 - -37) - -14.
22
What is the value of 321 - 311 - (-60 - 0) - (-7 - 3)?
80
Calculate (20 - 8) + -28 + (-2 - -14) - -13.
9
What is 104 + (19 + (-79 - -56 - (1 + -11)) - -2)?
112
What is -7 - ((4 - -2 - 3) + 17)?
-27
What is 0 - -14 - (13 - (32 + -25) - (1 + -9))?
0
41 + 1 + -40 + -46
-44
Evaluate -49 + (-3 + -6 + 0 + 8 - -6).
-44
What is (-676 - -614) + (-5 + 0 - -36)?
-31
Evaluate (10 - (-11 + -1)) + (-101 - -14).
-65
Evaluate -31 + 55 + 25 + 15.
64
What is the value of -46 - ((7 - -2) + (-13 - 6) + (14 - 4))?
-46
Evaluate -72 + (1 - (-3 + 2) - 1) + (-18400 - -18405).
-66
What is 35 + -15 + 2 - 27 - (1 + (-5 - -2))?
-3
Evaluate -52 + -32 + 16 + 52.
-16
18 + 6 + (14 - (-15 + 22 - -8))
23
What is -13 - (0 + -6 + (-101 - -108)) - (-126 + 0)?
112
What is 28 - (132 - (32 - 5)) - -5?
-72
Evaluate -5 + 0 - ((17 - (-15 - -9)) + 25).
-53
Evaluate 9 - ((-11 - (-1 - 2)) + (25 - 4) + -23).
19
-24 + 18 + (-16 - (-1 - 48))
27
Evaluate 51 - (30 - -12) - -9.
18
What is -21 + -6 + (2899 - 2740)?
132
(-27 + (14 - 3) - (-9 + -6)) + 35
34
Evaluate 38 + -2 + 106 + (117 - 213).
46
What is 44 + -9 + (13 + (-1 - 2) - 0) - -1?
46
Evaluate (-1 + -105 - (-18 + (-29 - -36) + 13)) + 7.
-101
What is the value of (-33 - -4) + (58 - 92) + 174?
111
Calculate -46 - (-127 + (32 - -6)).
43
35 + (4 - 63) - (1 + -94)
69
What is the value of 129 + (-6 - -10) - (34 + 33 + -48)?
114
Calculate -3 - 23 - (-157 + 148 + 8 + 0).
-25
Evaluate (30 - 1) + -17 + -18 - 40.
-46
What is the value of 28 - (-50 - (-93 + -29))?
-44
-1 + 0 - ((-52 - 21 - -3) + 1 + 1)
67
What is the value of 26 + -2 + (-4703 - -4720)?
41
Evaluate -2 - ((3 - 32) + 16 - (11 - 0)).
22
47 + -70 - 38 - 69
-130
Evaluate 24 + (-73 - (-37 + 21)) - 63.
-96
Evaluate -1 - (1 + -2) - (70 - 27).
-43
Calculate 91 - 56 - ((0 - -2) + 3 + 8).
22
Evaluate -75 + (-8 - (3 - -1) - -2) + 0 + 4.
-81
What is the value of (-47 - -66) + -12 + -2 + -7 + 2?
0
((-4 - (10 + -4)) + 9 - 13) + -9
-23
What is 211 + -189 - (13 - -3) - 42?
-36
Evaluate (-6 - -7) + -1 + -10 - (16 - 11).
-15
What is the value of 90 - ((59 - 162) + 169)?
24
What is the value of (4 + 1 - (77 - -1)) + (177 - 169)?
-65
What is 123 - 22 - (8 + 9)?
84
What is the value of -4 + 0 + (4 - -5) + (-33 - (13 + -18))?
-23
Evaluate -4 + (-18 - -4 - (-3 + (1 - (-1 + 5)))).
-12
Calculate (432 + -481 - (-124 - -2)) + -1 + 0.
72
Evaluate -94 + (-76 - (-176 + 34)).
-28
-102 - 1 - (-37 - (-23 - -4))
-85
Calculate (24 - (-12 - -73)) + (-5 - (4 + -5)).
-41
Calculate (-17 - 28 - -22 - -21) + (81 - (2 - 3)).
80
What is the value of 91 + -70 - (-19 + 8)?
32
-52 + 0 + (9 + -34 - -30 - -4)
-43
Calculate (15 - (19 - 27 - 18) - 6) + (0 - -10).
45
What is 17 + (-109 - -90 - (-1 - -37))?
-38
Evaluate (6068 - 6045) + (-25 - 2) + 0.
-4
What is -119 + -5 - ((-4 - 87) + 78)?
-111
What is the value of -73 + 89 - (-7 - 10)?
33
Calculate 3 + (16 - (22 - (20 + -20))).
-3
13 + -4 + 2 - 17 - (-21 - -54)
-39
What is the value of (-68 - 13) + 48 - -38?
5
Evaluate 98 + -27 + -106 + 79.
44
(0 - (-39 + -1)) + (3 - ((14 - -4) + -25))
50
What is the value of -2 + 20 - (275 + -227)?
-30
What is the value of (-8 - 94) + -74 + 149?
-27
(8140 - 8130) + (-36 - (-4 + 8))
-30
Evaluate -82 + -56 + 48 + 59.
-31
Evaluate (7 - (-17 + 13 + -6 + 62)) + -14.
-59
Calculate -6 - (-10 + -11 + (-3 + 5 - -65) + 1).
-53
What is the value of -69 - ((27 - 142) + 53)?
-7
0 + 35 - (-2932 + 2923)
